True
Is 529448669 prime?
False
Is 424349 composite?
True
Is 3669989 composite?
True
Is 315950339 composite?
True
Is 201557557 a composite number?
False
Is 1068401 composite?
True
Is 4182833 composite?
True
Is 19385633 composite?
True
Is 4909319 composite?
False
Is 9213923 prime?
True
Is 52341613 a prime number?
False
Is 40984711 a prime number?
False
Is 57042957 prime?
False
Is 2390657 composite?
True
Is 29976809 a composite number?
False
Is 4719419 composite?
True
Is 13084653 a composite number?
True
Is 255511499 a prime number?
True
Is 5815439 a prime number?
False
Is 1749829 prime?
False
Is 282811391 a composite number?
False
Is 530913287 a composite number?
False
Is 2359799 composite?
True
Is 77480261 a prime number?
False
Is 2460449 a prime number?
False
Is 23658769 a composite number?
False
Is 35799689 a composite number?
False
Is 1770787 a prime number?
True
Is 419535815 a composite number?
True
Is 220435343 prime?
True
Is 1569781 prime?
True
Is 312769 a composite number?
True
Is 4112287 a composite number?
True
Is 286774073 a composite number?
True
Is 67835509 a prime number?
False
Is 485015087 composite?
True
Is 90006997 prime?
True
Is 24838901 prime?
True
Is 540406214 prime?
False
Is 6770069 prime?
True
Is 6699361 prime?
True
Is 599969 a composite number?
True
Is 38325389 a composite number?
False
Is 152571563 a prime number?
True
Is 23131873 prime?
False
Is 176654911 a prime number?
False
Is 2334595 prime?
False
Is 225741391 a prime number?
True
Is 151562662 a composite number?
True
Is 2998297 prime?
False
Is 391943 composite?
True
Is 53855831 a composite number?
True
Is 370531531 prime?
True
Is 102689797 a prime number?
False
Is 277561 a prime number?
False
Is 851213 composite?
True
Is 23704231 a composite number?
True
Is 5037099 prime?
False
Is 407597 composite?
True
Is 54606473 a composite number?
True
Is 3067331 a composite number?
False
Is 135794998 prime?
False
Is 22447577 prime?
False
Is 2359657 a prime number?
False
Is 11798821 a prime number?
True
Is 379585117 composite?
False
Is 77625181 prime?
True
Is 16037257 a prime number?
False
Is 1128671 prime?
False
Is 813581 a prime number?
False
Is 33662483 a composite number?
False
Is 14571782 a composite number?
True
Is 1009211 prime?
False
Is 91997 a composite number?
False
Is 17489687 a composite number?
True
Is 27498131 a prime number?
True
Is 3124283 a composite number?
True
Is 15482219 prime?
True
Is 44591021 a prime number?
False
Is 323707 a prime number?
True
Is 409290569 a prime number?
True
Is 2361014 a prime number?
False
Is 1001237 composite?
False
Is 140000893 a composite number?
True
Is 190303 prime?
False
Is 90784153 a composite number?
True
Is 5848223 composite?
True
Is 1599419 a prime number?
False
Is 213937903 composite?
True
Is 3010871 a composite number?
False
Is 7794898 prime?
False
Is 3875989 composite?
True
Is 41844827 prime?
False
Is 9517367 a prime number?
False
Is 44111381 a prime number?
True
Is 16237 a prime number?
False
Is 15607093 a prime number?
False
Is 3153379 prime?
False
Is 8065787 a composite number?
True
Is 1551353 composite?
True
Is 4981747 a composite number?
False
Is 20512129 a prime number?
False
Is 15162529 composite?
True
Is 157741267 a prime number?
True
Is 127061647 a composite number?
False
Is 4463279 prime?
False
Is 20310607 composite?
True
Is 17924311 prime?
False
Is 91375535 composite?
True
Is 724079 a composite number?
False
Is 30490487 a composite number?
False
Is 1630187 composite?
True
Is 34931353 a composite number?
True
Is 34271 a composite number?
True
Is 1180447 composite?
False
Is 6425339 a composite number?
True
Is 11786207 composite?
True
Is 3807983 a composite number?
True
Is 1492567 a composite number?
False
Is 2682335 a composite number?
True
Is 18076111 a prime number?
True
Is 542441 a composite number?
False
Is 14679559 prime?
True
Is 471221 composite?
True
Is 71160253 a composite number?
False
Is 25097959 composite?
False
Is 237399 prime?
False
Is 352277 a composite number?
True
Is 6577361 a composite number?
True
Is 6297647 a prime number?
True
Is 15420331 prime?
True
Is 98700605 a prime number?
False
Is 11268707 a prime number?
True
Is 1495453 prime?
False
Is 17947 a composite number?
True
Is 514933 prime?
True
Is 22933889 composite?
True
Is 5630659 a prime number?
True
Is 35348686 prime?
False
Is 758099 prime?
True
Is 501509669 a composite number?
True
Is 34031 a prime number?
True
Is 14015915 a composite number?
True
Is 34650571 prime?
True
Is 117994691 a prime number?
False
Is 41613071 a prime number?
True
Is 4485811 prime?
False
Is 298861067 composite?
False
Is 1764578 a prime number?
False
Is 62828773 a composite number?
True
Is 17880479 composite?
False
Is 3010829 a prime number?
False
Is 3213811 prime?
True
Is 135166189 prime?
True
Is 17006894 a composite number?
True
Is 553555 composite?
True
Is 44632079 prime?
True
Is 14890397 prime?
True
Is 1216993 a prime number?
False
Is 1399999 a composite number?
False
Is 469651493 composite?
False
Is 10905443 composite?
False
Is 25610443 a composite number?
True
Is 2887531 prime?
False
Is 304275713 prime?
False
Is 111179287 a composite number?
True
Is 117865883 composite?
False
Is 43437301 a prime number?
False
Is 28011883 composite?
True
Is 234214511 a prime number?
False
Is 4571597 a prime number?
True
Is 356329 composite?
True
Is 128289163 composite?
False
Is 165912185 prime?
False
Is 77417 a prime number?
True
Is 75403969 prime?
True
Is 26703197 a prime number?
True
Is 8371279 a prime number?
False
Is 141839453 a prime number?
False
Is 4674391 a composite number?
False
Is 4907845 a prime number?
False
Is 39646223 a composite number?
False
Is 4202657 a composite number?
False
Is 36677009 prime?
True
Is 36465781 composite?
True
Is 286574 a composite number?
True
Is 3015443 a composite number?
True
Is 113144431 a composite number?
False
Is 24866429 prime?
False
Is 20082721 a prime number?
False
Is 92758279 prime?
True
Is 838711 a composite number?
False
Is 3645751 composite?
True
Is 12132895 a prime number?
False
Is 22003601 a prime number?
False
Is 16798351 a composite number?
False
Is 9500207 composite?
False
Is 5431799 composite?
False
Is 43978474 prime?
False
Is 86592277 a prime number?
True
Is 45800959 a composite number?
False
Is 16228789 a composite number?
True
Is 1591391 a prime number?
True
Is 80943403 composite?
False
Is 4526645 a prime number?
False
Is 205570201 a prime number?
False
Is 190091591 a composite number?
True
Is 47437133 a composite number?
True
Is 2093353 composite?
True
Is 1647523 a prime number?
True
Is 185619371 a composite number?
True
Is 8248843 a prime number?
False
Is 38011789 a prime number?
True
Is 197044511 composite?
False
Is 133243211 a prime number?
False
Is 1771513 a composite number?
True
Is 71047293 a prime number?
False
Is 1641743 a composite number?
True
Is 147617 a composite number?
False
Is 869807 a composite number?
False
Is 361523623 composite?
False
Is 993793 a prime number?
True
Is 209969923 composite?
False
Is 13164427 composite?
True
Is 21379157 a prime number?
True
Is 367905229 prime?
True
Is 122983463 a prime number?
True
Is 21794107 a composite number?
False
Is 211090273 a prime number?
True
Is 39636257 composite?
True
Is 60556357 composite?
True
Is 266753 prime?
False
Is 58115527 a composite number?
False
Is 853187 prime?
True
Is 53903891 a composite number?
False
Is 7939447 a prime number?
True
Is 16451879 a composite number?
True
Is 41706169 a prime number?
True
Is 5795873 a prime number?
True
Is 7145587 a composite number?
False
Is 66544601 composite?
True
Is 473219 a prime number?
True
Is 1447759 a prime number?
True
Is 11780501 a prime number?
True
Is 934021621 composite?
True
Is 323123971 a composite number?
True
Is 67861258 a prime number?
False
Is 153997141 a prime number?
True
Is 2370551 composite?
False
Is 13120907 composite?
False
Is 470797 prime?
False
Is 11685743 a prime number?
True
Is 5139751 composite?
False
Is 253141871 composite?
True
Is 3817183 a prime number?
False
Is 8329493 composite?
False
Is 9977267 composite?
True
Is 233972119 a prime number?
True
Is 5349847 prime?
True
Is 2962487 composite?
True
Is 77485493 prime?
True
Is 1826863 prime?
True
Is 8755469 a prime number?
True
Is 51